{"id":2,"date":"2022-06-18T18:40:40","date_gmt":"2022-06-18T18:40:40","guid":{"rendered":"http:\/\/www.ks-avpalvelu.fi\/?page_id=2"},"modified":"2026-02-24T23:39:19","modified_gmt":"2026-02-24T20:39:19","slug":"sample-page","status":"publish","type":"page","link":"https:\/\/www.ks-avpalvelu.fi\/","title":{"rendered":"Esitystekniikkaa neuvottelu- tai luokkahuoneisiin."},"content":{"rendered":"\n<p><\/p>\n\n\n\n<p>Onnistuneet esitykset ja Teams-palaverit onnistuvat tarjoamillamme monipuolisilla kokousv\u00e4lineill\u00e4.  <br>My\u00f6s koulujen luokkahuoneisiin l\u00f6ytyv\u00e4t budjettiin mahtuvat perusprojektorit, interaktiiviset ultral\u00e4hiprojektorit ja kosketusn\u00e4yt\u00f6t.<br>INFO-n\u00e4yt\u00f6ill\u00e4 saat myym\u00e4l\u00e4\u00e4n, aulatiloihin, ulkoikkunaan ulkoista esitysmateriaalia tai yrityksen\/oppilaitoksen sis\u00e4isen info-kanavan.<\/p>\n\n\n\n<ul class=\"wp-block-list\">\n<li>L\u00e4hes kaikki merkit eritt\u00e4in kilpailukykyisill\u00e4 hinnoilla!  Kysy tarjousta! <\/li>\n<\/ul>\n\n\n\n<h5 class=\"wp-block-heading\">Parissa arkip\u00e4iv\u00e4ss\u00e4 my\u00f6s muuta toimistotekniikkaa edullisesti.<br>Esim. DELL ja Lenovo ty\u00f6asemat ja kannettavat.<\/h5>\n\n\n\n<div class=\"wp-block-columns is-layout-flex wp-container-core-columns-is-layout-9d6595d7 wp-block-columns-is-layout-flex\">\n<div class=\"wp-block-column is-layout-flow wp-block-column-is-layout-flow\" style=\"flex-basis:66.66%\">\n<figure class=\"wp-block-image size-full is-resized\"><img loading=\"lazy\" decoding=\"async\" width=\"360\" height=\"58\" src=\"https:\/\/www.ks-avpalvelu.fi\/wp-content\/uploads\/2024\/02\/logo_2024_02.jpg\" alt=\"\" class=\"wp-image-1132\" style=\"width:347px;height:auto\" srcset=\"https:\/\/www.ks-avpalvelu.fi\/wp-content\/uploads\/2024\/02\/logo_2024_02.jpg 360w, https:\/\/www.ks-avpalvelu.fi\/wp-content\/uploads\/2024\/02\/logo_2024_02-300x48.jpg 300w\" sizes=\"auto, (max-width: 360px) 100vw, 360px\" \/><\/figure>\n<\/div>\n\n\n\n<div class=\"wp-block-column is-layout-flow wp-block-column-is-layout-flow\" style=\"flex-basis:33.33%\"><\/div>\n<\/div>\n\n\n\n<p class=\"has-medium-font-size\"><strong>Jukka Ristaniemi<\/strong><br>Peltotie 42, 42100 J\u00e4ms\u00e4 (toimisto)<br><strong>p. 050 555 3426<\/strong><br>jukka.ristaniemi (at) ks-avpalvelu.fi<\/p>\n\n\n\n<div class=\"wp-block-columns is-layout-flex wp-container-core-columns-is-layout-9d6595d7 wp-block-columns-is-layout-flex\">\n<div class=\"wp-block-column is-layout-flow wp-block-column-is-layout-flow\">\n<div class=\"wp-block-columns is-layout-flex wp-container-core-columns-is-layout-9d6595d7 wp-block-columns-is-layout-flex\">\n<div class=\"wp-block-column is-layout-flow wp-block-column-is-layout-flow\">\n<p><a href=\"https:\/\/www.ks-avpalvelu.fi\/\"><strong>www.ks-avpalvelu.fi<\/strong><\/a><\/p>\n<\/div>\n\n\n\n<div class=\"wp-block-column is-layout-flow wp-block-column-is-layout-flow\"><\/div>\n\n\n\n<div class=\"wp-block-column is-layout-flow wp-block-column-is-layout-flow\"><\/div>\n<\/div>\n<\/div>\n<\/div>\n\n\n\n<div class=\"wp-block-columns is-layout-flex wp-container-core-columns-is-layout-9d6595d7 wp-block-columns-is-layout-flex\">\n<div class=\"wp-block-column is-layout-flow wp-block-column-is-layout-flow\" style=\"flex-basis:33.33%\">\n<figure class=\"wp-block-image size-large is-resized is-style-rounded\"><img loading=\"lazy\" decoding=\"async\" width=\"1024\" height=\"920\" src=\"https:\/\/www.ks-avpalvelu.fi\/wp-content\/uploads\/2024\/10\/Jukka-Yrittajat-2023-1024x920.jpg\" alt=\"\" class=\"wp-image-1218\" style=\"width:147px;height:auto\" srcset=\"https:\/\/www.ks-avpalvelu.fi\/wp-content\/uploads\/2024\/10\/Jukka-Yrittajat-2023-1024x920.jpg 1024w, https:\/\/www.ks-avpalvelu.fi\/wp-content\/uploads\/2024\/10\/Jukka-Yrittajat-2023-300x269.jpg 300w, https:\/\/www.ks-avpalvelu.fi\/wp-content\/uploads\/2024\/10\/Jukka-Yrittajat-2023-768x690.jpg 768w, https:\/\/www.ks-avpalvelu.fi\/wp-content\/uploads\/2024\/10\/Jukka-Yrittajat-2023.jpg 1247w\" sizes=\"auto, (max-width: 1024px) 100vw, 1024px\" \/><\/figure>\n<\/div>\n\n\n\n<div class=\"wp-block-column is-layout-flow wp-block-column-is-layout-flow\" style=\"flex-basis:66.66%\">\n<figure class=\"wp-block-image size-full is-resized\"><img loading=\"lazy\" decoding=\"async\" width=\"349\" height=\"176\" src=\"https:\/\/www.ks-avpalvelu.fi\/wp-content\/uploads\/2024\/01\/Yrittajat-jasenyritys-1.jpg\" alt=\"\" class=\"wp-image-1108\" style=\"width:192px;height:auto\" srcset=\"https:\/\/www.ks-avpalvelu.fi\/wp-content\/uploads\/2024\/01\/Yrittajat-jasenyritys-1.jpg 349w, https:\/\/www.ks-avpalvelu.fi\/wp-content\/uploads\/2024\/01\/Yrittajat-jasenyritys-1-300x151.jpg 300w\" sizes=\"auto, (max-width: 349px) 100vw, 349px\" \/><\/figure>\n<\/div>\n<\/div>\n\n\n\n<p>Huom.  Sivujen hinnat alv 0% sitoumuksetta + toimituskulut.  (Saatavuudet ja hinnat vahvistetaan)<\/p>\n\n\n\n<p><\/p>\n","protected":false},"excerpt":{"rendered":"<p>Onnistuneet esitykset ja Teams-palaverit onnistuvat tarjoamillamme monipuolisilla kokousv\u00e4lineill\u00e4. My\u00f6s koulujen luokkahuoneisiin l\u00f6ytyv\u00e4t budjettiin mahtuvat perusprojektorit, interaktiiviset ultral\u00e4hiprojektorit ja kosketusn\u00e4yt\u00f6t.INFO-n\u00e4yt\u00f6ill\u00e4 saat myym\u00e4l\u00e4\u00e4n, aulatiloihin, ulkoikkunaan ulkoista esitysmateriaalia tai yrityksen\/oppilaitoksen sis\u00e4isen info-kanavan. Parissa arkip\u00e4iv\u00e4ss\u00e4 my\u00f6s muuta toimistotekniikkaa edullisesti.Esim. DELL ja Lenovo ty\u00f6asemat ja kannettavat. Jukka RistaniemiPeltotie 42, 42100 J\u00e4ms\u00e4 (toimisto)p. 050 555 3426jukka.ristaniemi (at) ks-avpalvelu.fi www.ks-avpalvelu.fi Huom. Sivujen [&hellip;]<\/p>\n","protected":false},"author":1,"featured_media":0,"parent":0,"menu_order":0,"comment_status":"closed","ping_status":"open","template":"page-template\/custom-frontpage.php","meta":{"footnotes":""},"class_list":["post-2","page","type-page","status-publish","hentry"],"_links":{"self":[{"href":"https:\/\/www.ks-avpalvelu.fi\/index.php\/wp-json\/wp\/v2\/pages\/2","targetHints":{"allow":["GET"]}}],"collection":[{"href":"https:\/\/www.ks-avpalvelu.fi\/index.php\/wp-json\/wp\/v2\/pages"}],"about":[{"href":"https:\/\/www.ks-avpalvelu.fi\/index.php\/wp-json\/wp\/v2\/types\/page"}],"author":[{"embeddable":true,"href":"https:\/\/www.ks-avpalvelu.fi\/index.php\/wp-json\/wp\/v2\/users\/1"}],"replies":[{"embeddable":true,"href":"https:\/\/www.ks-avpalvelu.fi\/index.php\/wp-json\/wp\/v2\/comments?post=2"}],"version-history":[{"count":41,"href":"https:\/\/www.ks-avpalvelu.fi\/index.php\/wp-json\/wp\/v2\/pages\/2\/revisions"}],"predecessor-version":[{"id":1283,"href":"https:\/\/www.ks-avpalvelu.fi\/index.php\/wp-json\/wp\/v2\/pages\/2\/revisions\/1283"}],"wp:attachment":[{"href":"https:\/\/www.ks-avpalvelu.fi\/index.php\/wp-json\/wp\/v2\/media?parent=2"}],"curies":[{"name":"wp","href":"https:\/\/api.w.org\/{rel}","templated":true}]}}

<p></p>



<p>Onnistuneet esitykset ja Teams-palaverit onnistuvat tarjoamillamme monipuolisilla kokousvälineillä.  <br>Myös koulujen luokkahuoneisiin löytyvät budjettiin mahtuvat perusprojektorit, interaktiiviset ultralähiprojektorit ja kosketusnäytöt.<br>INFO-näytöillä saat myymälään, aulatiloihin, ulkoikkunaan ulkoista esitysmateriaalia tai yrityksen/oppilaitoksen sisäisen info-kanavan.</p>



<ul class="wp-block-list">
<li>Lähes kaikki merkit erittäin kilpailukykyisillä hinnoilla!  Kysy tarjousta! </li>
</ul>



<h5 class="wp-block-heading">Parissa arkipäivässä myös muuta toimistotekniikkaa edullisesti.<br>Esim. DELL ja Lenovo työasemat ja kannettavat.</h5>



<div class="wp-block-columns is-layout-flex wp-container-core-columns-is-layout-9d6595d7 wp-block-columns-is-layout-flex">
<div class="wp-block-column is-layout-flow wp-block-column-is-layout-flow" style="flex-basis:66.66%">
<figure class="wp-block-image size-full is-resized"><img loading="lazy" decoding="async" width="360" height="58" src="https://www.ks-avpalvelu.fi/wp-content/uploads/2024/02/logo_2024_02.jpg" alt="" class="wp-image-1132" style="width:347px;height:auto" srcset="https://www.ks-avpalvelu.fi/wp-content/uploads/2024/02/logo_2024_02.jpg 360w, https://www.ks-avpalvelu.fi/wp-content/uploads/2024/02/logo_2024_02-300x48.jpg 300w" sizes="auto, (max-width: 360px) 100vw, 360px" /></figure>
</div>



<div class="wp-block-column is-layout-flow wp-block-column-is-layout-flow" style="flex-basis:33.33%"></div>
</div>



<p class="has-medium-font-size"><strong>Jukka Ristaniemi</strong><br>Peltotie 42, 42100 Jämsä (toimisto)<br><strong>p. 050 555 3426</strong><br>jukka.ristaniemi (at) ks-avpalvelu.fi</p>



<div class="wp-block-columns is-layout-flex wp-container-core-columns-is-layout-9d6595d7 wp-block-columns-is-layout-flex">
<div class="wp-block-column is-layout-flow wp-block-column-is-layout-flow">
<div class="wp-block-columns is-layout-flex wp-container-core-columns-is-layout-9d6595d7 wp-block-columns-is-layout-flex">
<div class="wp-block-column is-layout-flow wp-block-column-is-layout-flow">
<p><a href="https://www.ks-avpalvelu.fi/"><strong>www.ks-avpalvelu.fi</strong></a></p>
</div>



<div class="wp-block-column is-layout-flow wp-block-column-is-layout-flow"></div>



<div class="wp-block-column is-layout-flow wp-block-column-is-layout-flow"></div>
</div>
</div>
</div>



<div class="wp-block-columns is-layout-flex wp-container-core-columns-is-layout-9d6595d7 wp-block-columns-is-layout-flex">
<div class="wp-block-column is-layout-flow wp-block-column-is-layout-flow" style="flex-basis:33.33%">
<figure class="wp-block-image size-large is-resized is-style-rounded"><img loading="lazy" decoding="async" width="1024" height="920" src="https://www.ks-avpalvelu.fi/wp-content/uploads/2024/10/Jukka-Yrittajat-2023-1024x920.jpg" alt="" class="wp-image-1218" style="width:147px;height:auto" srcset="https://www.ks-avpalvelu.fi/wp-content/uploads/2024/10/Jukka-Yrittajat-2023-1024x920.jpg 1024w, https://www.ks-avpalvelu.fi/wp-content/uploads/2024/10/Jukka-Yrittajat-2023-300x269.jpg 300w, https://www.ks-avpalvelu.fi/wp-content/uploads/2024/10/Jukka-Yrittajat-2023-768x690.jpg 768w, https://www.ks-avpalvelu.fi/wp-content/uploads/2024/10/Jukka-Yrittajat-2023.jpg 1247w" sizes="auto, (max-width: 1024px) 100vw, 1024px" /></figure>
</div>



<div class="wp-block-column is-layout-flow wp-block-column-is-layout-flow" style="flex-basis:66.66%">
<figure class="wp-block-image size-full is-resized"><img loading="lazy" decoding="async" width="349" height="176" src="https://www.ks-avpalvelu.fi/wp-content/uploads/2024/01/Yrittajat-jasenyritys-1.jpg" alt="" class="wp-image-1108" style="width:192px;height:auto" srcset="https://www.ks-avpalvelu.fi/wp-content/uploads/2024/01/Yrittajat-jasenyritys-1.jpg 349w, https://www.ks-avpalvelu.fi/wp-content/uploads/2024/01/Yrittajat-jasenyritys-1-300x151.jpg 300w" sizes="auto, (max-width: 349px) 100vw, 349px" /></figure>
</div>
</div>



<p>Huom.  Sivujen hinnat alv 0% sitoumuksetta + toimituskulut.  (Saatavuudet ja hinnat vahvistetaan)</p>



<p></p>

<p>Onnistuneet esitykset ja Teams-palaverit onnistuvat tarjoamillamme monipuolisilla kokousvälineillä. Myös koulujen luokkahuoneisiin löytyvät budjettiin mahtuvat perusprojektorit, interaktiiviset ultralähiprojektorit ja kosketusnäytöt.INFO-näytöillä saat myymälään, aulatiloihin, ulkoikkunaan ulkoista esitysmateriaalia tai yrityksen/oppilaitoksen sisäisen info-kanavan. Parissa arkipäivässä myös muuta toimistotekniikkaa edullisesti.Esim. DELL ja Lenovo työasemat ja kannettavat. Jukka RistaniemiPeltotie 42, 42100 Jämsä (toimisto)p. 050 555 3426jukka.ristaniemi (at) ks-avpalvelu.fi www.ks-avpalvelu.fi Huom. Sivujen [&hellip;]</p>
