{"id":91,"date":"2022-07-26T20:48:33","date_gmt":"2022-07-26T17:48:33","guid":{"rendered":"http:\/\/www.ks-avpalvelu.fi\/?page_id=91"},"modified":"2025-07-20T19:39:44","modified_gmt":"2025-07-20T16:39:44","slug":"dokumenttikamerat","status":"publish","type":"page","link":"https:\/\/www.ks-avpalvelu.fi\/index.php\/dokumenttikamerat\/","title":{"rendered":"Dokumenttikamerat"},"content":{"rendered":"\n<p><strong>Uusimpana k\u00e4tev\u00e4 CZUR Fancy USB-dokkari.<\/strong><br><br><strong>Elmo<\/strong>ja olen toimittanut useita satoja kappaleita keskisuomalaisiin kouluihin. Yksi maailman ja Suomen eniten myytyj\u00e4 dokumenttikameroita &#8211; eik\u00e4 syytt\u00e4.<\/p>\n\n\n\n<p><strong>Optoma<\/strong>lla on hyv\u00e4laatuiset ja helppok\u00e4ytt\u00f6iset dokkarit, jotka ovat saaneet hyv\u00e4n vastaanoton. Eritt\u00e4in hyv\u00e4 hinta\/laatusuhde!<br>Dokumenttikamerat k\u00e4yv\u00e4t k\u00e4tev\u00e4sti my\u00f6s WEB-kameraksi Teams-palavereihin. T\u00e4ss\u00e4 parhaat:<\/p>\n\n\n\n<div class=\"wp-block-columns is-layout-flex wp-container-core-columns-is-layout-9d6595d7 wp-block-columns-is-layout-flex\">\n<div class=\"wp-block-column is-layout-flow wp-block-column-is-layout-flow\">\n<div class=\"wp-block-columns is-layout-flex wp-container-core-columns-is-layout-9d6595d7 wp-block-columns-is-layout-flex\">\n<div class=\"wp-block-column is-layout-flow wp-block-column-is-layout-flow\">\n<h2 class=\"wp-block-heading\">CZUR Fancy S PRO<\/h2>\n\n\n\n<figure class=\"wp-block-image size-medium is-resized\"><a href=\"https:\/\/www.czur.com\/product\/fancyPro\"><img loading=\"lazy\" decoding=\"async\" width=\"208\" height=\"300\" src=\"https:\/\/www.ks-avpalvelu.fi\/wp-content\/uploads\/2023\/10\/Cruz_Fancy_S-208x300.jpg\" alt=\"\" class=\"wp-image-967\" style=\"aspect-ratio:1;object-fit:cover;width:225px\" srcset=\"https:\/\/www.ks-avpalvelu.fi\/wp-content\/uploads\/2023\/10\/Cruz_Fancy_S-208x300.jpg 208w, https:\/\/www.ks-avpalvelu.fi\/wp-content\/uploads\/2023\/10\/Cruz_Fancy_S.jpg 450w\" sizes=\"auto, (max-width: 208px) 100vw, 208px\" \/><\/a><\/figure>\n\n\n\n<p>Suorastaan k\u00e4sitt\u00e4m\u00e4tt\u00f6m\u00e4n  edullinen hinta\/laatu\/k\u00e4ytt\u00f6suhde erilaisiin k\u00e4ytt\u00f6kohteisiin. Dokumenttikamera, WEB-kamera. kirjascanneri, kuittiskanneri. K\u00e4tev\u00e4 k\u00e4ytt\u00f6softa.<\/p>\n\n\n\n<ul class=\"wp-block-list\">\n<li>4K (4000&#215;3000) 15fps, FHD (1080&#215;1080) 30 fps<\/li>\n\n\n\n<li>Video FHD<\/li>\n\n\n\n<li>12Mpix<\/li>\n\n\n\n<li>500x zoom softassa<\/li>\n\n\n\n<li>2.0 +USB-C adapteri (kuva ja virta)<\/li>\n\n\n\n<li>Kuva-ala max A3<\/li>\n<\/ul>\n\n\n\n<h2 class=\"wp-block-heading\">139,-<\/h2>\n<\/div>\n\n\n\n<div class=\"wp-block-column is-layout-flow wp-block-column-is-layout-flow\">\n<h2 class=\"wp-block-heading\">Elmo MX-P3<\/h2>\n\n\n\n<figure class=\"wp-block-image size-medium is-resized\"><a href=\"https:\/\/www.elmoeurope.com\/index.php\/en\/products\/elmo-visualizer\/mx-p3\"><img loading=\"lazy\" decoding=\"async\" width=\"300\" height=\"298\" src=\"https:\/\/www.ks-avpalvelu.fi\/wp-content\/uploads\/2023\/01\/Elmo_MX-P3-300x298.jpg\" alt=\"\" class=\"wp-image-894\" style=\"aspect-ratio:1;object-fit:cover;width:225px\" srcset=\"https:\/\/www.ks-avpalvelu.fi\/wp-content\/uploads\/2023\/01\/Elmo_MX-P3-300x298.jpg 300w, https:\/\/www.ks-avpalvelu.fi\/wp-content\/uploads\/2023\/01\/Elmo_MX-P3-150x150.jpg 150w, https:\/\/www.ks-avpalvelu.fi\/wp-content\/uploads\/2023\/01\/Elmo_MX-P3.jpg 500w\" sizes=\"auto, (max-width: 300px) 100vw, 300px\" \/><\/a><\/figure>\n\n\n\n<p><\/p>\n\n\n\n<ul class=\"wp-block-list\">\n<li>4K (3840&#215;2160) 30fps<\/li>\n\n\n\n<li>FHD\/720P\/XGA@60fps<\/li>\n\n\n\n<li>13 Mpix<\/li>\n\n\n\n<li>16x digitaali zoom<\/li>\n\n\n\n<li>HDMI ja USB 3.0 out<\/li>\n\n\n\n<li>Kuva-ala max A3<\/li>\n<\/ul>\n\n\n\n<h2 class=\"wp-block-heading\">420,-<\/h2>\n<\/div>\n<\/div>\n<\/div>\n\n\n\n<div class=\"wp-block-column is-layout-flow wp-block-column-is-layout-flow\">\n<div class=\"wp-block-columns is-layout-flex wp-container-core-columns-is-layout-9d6595d7 wp-block-columns-is-layout-flex\">\n<div class=\"wp-block-column is-layout-flow wp-block-column-is-layout-flow\">\n<h2 class=\"wp-block-heading has-vivid-cyan-blue-color has-text-color\">Elmo L-12G<\/h2>\n\n\n\n<figure class=\"wp-block-image size-medium is-resized\"><a href=\"https:\/\/www.elmoeurope.com\/index.php\/en\/products\/elmo-visualizer\/l-12g\"><img loading=\"lazy\" decoding=\"async\" width=\"284\" height=\"300\" src=\"https:\/\/www.ks-avpalvelu.fi\/wp-content\/uploads\/2023\/01\/Elmo_L-12G-284x300.jpg\" alt=\"\" class=\"wp-image-888\" style=\"aspect-ratio:1;object-fit:cover;width:225px\" srcset=\"https:\/\/www.ks-avpalvelu.fi\/wp-content\/uploads\/2023\/01\/Elmo_L-12G-284x300.jpg 284w, https:\/\/www.ks-avpalvelu.fi\/wp-content\/uploads\/2023\/01\/Elmo_L-12G.jpg 500w\" sizes=\"auto, (max-width: 284px) 100vw, 284px\" \/><\/a><\/figure>\n\n\n\n<p>Uusi tarkempi versio jo legendaksi tulleesta L-12 -mallista.<\/p>\n\n\n\n<ul class=\"wp-block-list\">\n<li>4K (3840&#215;2160) 60fps<\/li>\n\n\n\n<li>8,3 Mpix<\/li>\n\n\n\n<li>12x optinen + 16x digitaali zoom<\/li>\n\n\n\n<li>HDMI l\u00e4pi + USB 3.0 out<\/li>\n\n\n\n<li>Kuva-ala max A3<\/li>\n<\/ul>\n\n\n\n<h2 class=\"wp-block-heading\">685,-<\/h2>\n<\/div>\n\n\n\n<div class=\"wp-block-column is-layout-flow wp-block-column-is-layout-flow\">\n<h2 class=\"wp-block-heading\">Optoma DC460<\/h2>\n\n\n\n<figure class=\"wp-block-image size-medium is-resized\"><img loading=\"lazy\" decoding=\"async\" width=\"270\" height=\"300\" src=\"https:\/\/www.ks-avpalvelu.fi\/wp-content\/uploads\/2023\/01\/Optoma-DC552-270x300.jpg\" alt=\"\" class=\"wp-image-903\" style=\"aspect-ratio:1;object-fit:cover;width:225px\" srcset=\"https:\/\/www.ks-avpalvelu.fi\/wp-content\/uploads\/2023\/01\/Optoma-DC552-270x300.jpg 270w, https:\/\/www.ks-avpalvelu.fi\/wp-content\/uploads\/2023\/01\/Optoma-DC552.jpg 485w\" sizes=\"auto, (max-width: 270px) 100vw, 270px\" \/><\/figure>\n\n\n\n<p>Optoman monipuolinen DC450 FullHD dokumenttikamera<\/p>\n\n\n\n<ul class=\"wp-block-list\">\n<li>1080p FullHD <\/li>\n\n\n\n<li>8 Mpix<\/li>\n\n\n\n<li>17x optinen + 8x digitaali zoom<\/li>\n\n\n\n<li>HDMI l\u00e4pi<\/li>\n\n\n\n<li>Kuva-ala max A3<\/li>\n<\/ul>\n\n\n\n<h2 class=\"wp-block-heading\">465,-<\/h2>\n<\/div>\n<\/div>\n<\/div>\n<\/div>\n\n\n\n<div class=\"wp-block-columns is-layout-flex wp-container-core-columns-is-layout-9d6595d7 wp-block-columns-is-layout-flex\">\n<div class=\"wp-block-column is-layout-flow wp-block-column-is-layout-flow\">\n<div class=\"wp-block-columns is-layout-flex wp-container-core-columns-is-layout-9d6595d7 wp-block-columns-is-layout-flex\">\n<div class=\"wp-block-column is-layout-flow wp-block-column-is-layout-flow\"><\/div>\n<\/div>\n<\/div>\n\n\n\n<div class=\"wp-block-column is-layout-flow wp-block-column-is-layout-flow\">\n<div class=\"wp-block-columns is-layout-flex wp-container-core-columns-is-layout-9d6595d7 wp-block-columns-is-layout-flex\">\n<div class=\"wp-block-column is-layout-flow wp-block-column-is-layout-flow\"><\/div>\n\n\n\n<div class=\"wp-block-column is-layout-flow wp-block-column-is-layout-flow\"><\/div>\n<\/div>\n<\/div>\n<\/div>\n\n\n\n<hr class=\"wp-block-separator has-text-color has-vivid-cyan-blue-color has-alpha-channel-opacity has-vivid-cyan-blue-background-color has-background is-style-wide\"\/>\n\n\n\n<div class=\"wp-block-columns is-layout-flex wp-container-core-columns-is-layout-9d6595d7 wp-block-columns-is-layout-flex\">\n<div class=\"wp-block-column is-layout-flow wp-block-column-is-layout-flow\">\n<div class=\"wp-block-columns is-layout-flex wp-container-core-columns-is-layout-9d6595d7 wp-block-columns-is-layout-flex\">\n<div class=\"wp-block-column is-layout-flow wp-block-column-is-layout-flow\">\n<h2 class=\"wp-block-heading\">Optoma DC556<\/h2>\n\n\n\n<figure class=\"wp-block-image size-thumbnail\"><img loading=\"lazy\" decoding=\"async\" width=\"150\" height=\"150\" src=\"https:\/\/www.ks-avpalvelu.fi\/wp-content\/uploads\/2022\/09\/Optoma-DC552-150x150.jpg\" alt=\"\" class=\"wp-image-362\"\/><figcaption class=\"wp-element-caption\">Optoman tarkin DC556 <strong>4K dokumenttikamera<\/strong>, jolla heijastat pienimmist\u00e4kin kohteista todella tarkkaa kuvaa yleis\u00f6lle. Tarkan kuvanlaadun vuoksi soveltuu my\u00f6s erinomaisesti videokuvan toistamiseen. <\/figcaption><\/figure>\n\n\n\n<ul class=\"wp-block-list\">\n<li>4K, 13 Mpix<\/li>\n\n\n\n<li>Zoom: 17x optinen, 8x digi<\/li>\n\n\n\n<li>HDMI in\/out<\/li>\n\n\n\n<li>Kuva-ala A3 max<\/li>\n<\/ul>\n\n\n\n<h2 class=\"wp-block-heading\">569,-<\/h2>\n<\/div>\n<\/div>\n<\/div>\n\n\n\n<div class=\"wp-block-column is-layout-flow wp-block-column-is-layout-flow\">\n<div class=\"wp-block-columns is-layout-flex wp-container-core-columns-is-layout-9d6595d7 wp-block-columns-is-layout-flex\">\n<div class=\"wp-block-column is-layout-flow wp-block-column-is-layout-flow\"><\/div>\n<\/div>\n\n\n\n<div class=\"wp-block-columns is-layout-flex wp-container-core-columns-is-layout-9d6595d7 wp-block-columns-is-layout-flex\">\n<div class=\"wp-block-column is-layout-flow wp-block-column-is-layout-flow\"><\/div>\n\n\n\n<div class=\"wp-block-column is-layout-flow wp-block-column-is-layout-flow\"><\/div>\n<\/div>\n\n\n\n<div class=\"wp-block-columns is-layout-flex wp-container-core-columns-is-layout-9d6595d7 wp-block-columns-is-layout-flex\">\n<div class=\"wp-block-column is-layout-flow wp-block-column-is-layout-flow\"><\/div>\n\n\n\n<div class=\"wp-block-column is-layout-flow wp-block-column-is-layout-flow\"><\/div>\n<\/div>\n\n\n\n<div class=\"wp-block-columns is-layout-flex wp-container-core-columns-is-layout-9d6595d7 wp-block-columns-is-layout-flex\">\n<div class=\"wp-block-column is-layout-flow wp-block-column-is-layout-flow\"><\/div>\n\n\n\n<div class=\"wp-block-column is-layout-flow wp-block-column-is-layout-flow\"><\/div>\n<\/div>\n<\/div>\n<\/div>\n","protected":false},"excerpt":{"rendered":"<p>Uusimpana k\u00e4tev\u00e4 CZUR Fancy USB-dokkari. Elmoja olen toimittanut useita satoja kappaleita keskisuomalaisiin kouluihin. Yksi maailman ja Suomen eniten myytyj\u00e4 dokumenttikameroita &#8211; eik\u00e4 syytt\u00e4. Optomalla on hyv\u00e4laatuiset ja helppok\u00e4ytt\u00f6iset dokkarit, jotka ovat saaneet hyv\u00e4n vastaanoton. Eritt\u00e4in hyv\u00e4 hinta\/laatusuhde!Dokumenttikamerat k\u00e4yv\u00e4t k\u00e4tev\u00e4sti my\u00f6s WEB-kameraksi Teams-palavereihin. T\u00e4ss\u00e4 parhaat: CZUR Fancy S PRO Suorastaan k\u00e4sitt\u00e4m\u00e4tt\u00f6m\u00e4n edullinen hinta\/laatu\/k\u00e4ytt\u00f6suhde erilaisiin k\u00e4ytt\u00f6kohteisiin. Dokumenttikamera, [&hellip;]<\/p>\n","protected":false},"author":1,"featured_media":0,"parent":0,"menu_order":0,"comment_status":"closed","ping_status":"closed","template":"page-template\/custom-frontpage.php","meta":{"footnotes":""},"class_list":["post-91","page","type-page","status-publish","hentry"],"_links":{"self":[{"href":"https:\/\/www.ks-avpalvelu.fi\/index.php\/wp-json\/wp\/v2\/pages\/91","targetHints":{"allow":["GET"]}}],"collection":[{"href":"https:\/\/www.ks-avpalvelu.fi\/index.php\/wp-json\/wp\/v2\/pages"}],"about":[{"href":"https:\/\/www.ks-avpalvelu.fi\/index.php\/wp-json\/wp\/v2\/types\/page"}],"author":[{"embeddable":true,"href":"https:\/\/www.ks-avpalvelu.fi\/index.php\/wp-json\/wp\/v2\/users\/1"}],"replies":[{"embeddable":true,"href":"https:\/\/www.ks-avpalvelu.fi\/index.php\/wp-json\/wp\/v2\/comments?post=91"}],"version-history":[{"count":68,"href":"https:\/\/www.ks-avpalvelu.fi\/index.php\/wp-json\/wp\/v2\/pages\/91\/revisions"}],"predecessor-version":[{"id":1261,"href":"https:\/\/www.ks-avpalvelu.fi\/index.php\/wp-json\/wp\/v2\/pages\/91\/revisions\/1261"}],"wp:attachment":[{"href":"https:\/\/www.ks-avpalvelu.fi\/index.php\/wp-json\/wp\/v2\/media?parent=91"}],"curies":[{"name":"wp","href":"https:\/\/api.w.org\/{rel}","templated":true}]}}